hest common divisor of m and 10.
10
Let l = -32 - -34. Suppose l*h - 4 = 16. Suppose 244 = 3*q - 2*u, -5*u + 154 = 2*q - 2*u. Calculate the highest common divisor of h and q.
10
Suppose -2*b - b + 6 = 0. Let n(w) = 19*w - 2. Let y be n(b). What is the greatest common factor of 24 and y?
12
Let a(h) = -2*h + h - 2 - 3*h + h**2 - h**3 - h. Let q be a(-3). What is the greatest common divisor of 7 and q?
7
Suppose 0 = -5*b - 56 - 109. Let o = -16 - b. What is the greatest common factor of 17 and o?
17
Suppose 0 = u - 14*u + 169. Calculate the highest common divisor of u and 52.
13
Let a be 600/27 - (-2 + (-60)/(-27)). What is the greatest common factor of a and 176?
22
Let l be 2262/30 - 6/15. Suppose -3*b = -431 + 101. Suppose 5*u - 40 - b = 0. What is the highest common factor of u and l?
15
Suppose 4*c - 2847 = 1381. Suppose -5*s + 770 = -2*y, -5*s + 5*y = 287 - c. Calculate the highest common divisor of s and 14.
14
Let o = 19 + -2. Let z be (14 + (-9)/(-3))*4. Calculate the highest common factor of o and z.
17
Let z(g) = 4*g - 6. Let a be z(7). Let p(f) = -6*f + 4. Let i be p(-3). Calculate the highest common factor of a and i.
22
Let n = 25 - 9. Calculate the highest common divisor of n and 80.
16
Let z = -32 - -20. Let q be (0 - -1) + z/(-4). Calculate the greatest common divisor of 4 and q.
4
Let q = -90 - -123. Calculate the highest common divisor of q and 66.
33
Let i = -35 + 39. Calculate the highest common divisor of 2 and i.
2
Let u(d) = d**2 - 5*d - 6. Let q be u(-2). Calculate the highest common divisor of q and 52.
4
Suppose -3*o = -8*o + 120. Calculate the highest common divisor of o and 18.
6
Suppose -5*f - 38 + 273 = 5*y, -4*y = -2*f - 206. Let n = 54 + y. Let u = n - 74. What is the greatest common divisor of u and 75?
15
Suppose -462 = -3*l + l. Suppose 5*b = 4*k - 84, -5*k + 105 = -3*b + 4*b. Calculate the highest common factor of k and l.
21
Let l be (-52)/(-5) - 16/40. Calculate the highest common factor of l and 15.
5
Let d(m) = -m**3 + 8*m**2 - 6. Let g(i) = -1 + 3 + i**2 + 4. Let p be g(0). Let f be d(p). Calculate the highest common factor of 6 and f.
6
Suppose -4*k + 59 = -3*b, 2*k - b = -2*k + 65. Let r(m) = k*m**3 + m**2 + m - 37*m**3 - 22*m**3. Let j be r(-1). What is the highest common factor of 6 and j?
6
Suppose 0 = -4*f - 31 + 11, 4*r + 3*f = -7. Let h be (-1 - 25)*(-7)/r. What is the highest common factor of h and 13?
13
Suppose -3*d + 7 = -23. Let i = 10 - -30. Calculate the greatest common divisor of d and i.
10
Suppose 0*x = -2*x + 10. Let d(s) = -s**3 + 2*s**2 + 3*s - 3. Let k be d(3). Let i be (-1 - -4)*(-5)/k. What is the greatest common factor of x and i?
5
Suppose -4*j - 12 = l + 3*l, -4*l + j + 13 = 0. Suppose x + l*m - 12 = 0, -2*m + 6*m = 0. Let k = -5 - -7. What is the highest common factor of k and x?
2
Suppose 4*g - 64 = 28. Calculate the highest common divisor of g and 46.
23
Let o = 227 - 137. Calculate the highest common divisor of 60 and o.
30
Let c(o) = -o**3 - 5*o**2 + 2*o + 1. Let y be c(-4). Let d = 24 - y. Suppose -d = -2*b + 163. Calculate the highest common factor of b and 15.
15
Let i be 18 + 0*3/9. What is the greatest common factor of i and 3?
3
Let u(i) = -i**3 - 6*i**2 - i + 5. Let o be u(-6). Let w = 126 - 73. Suppose w + 13 = 3*y. Calculate the greatest common divisor of y and o.
11
Let b(i) = 4*i**2 + 5*i - 7. Let n be b(3). What is the greatest common divisor of n and 352?
44
Let f = 158 + -109. Calculate the highest common factor of f and 7.
7
Suppose 3*u = -2*u + 150. What is the highest common factor of u and 20?
10
Let y = 7 + -6. Let u = 2 + y. Let v = u + 0. What is the greatest common divisor of 15 and v?
3
Let k(q) be the first derivative of 9/2*q**2 + 12*q - 1 - 1/3*q**3. Let x be k(9). Calculate the greatest common factor of 84 and x.
12
Suppose 31*w - 30*w = 160. Let n(a) = -a**3 + 6*a**2 + 2*a + 8. Let b be n(6). Calculate the greatest common factor of b and w.
20
Let m(n) = -n + 2. Let g be m(0). Suppose -2*s = g*s - 36. Let a(x) = 5*x**2 - 2*x - 3. Let y be a(3). What is the greatest common factor of s and y?
9
Suppose z = -3 - 0. Let x be (-28)/z - (-2)/(-6). What is the highest common divisor of 6 and x?
3
Let r be (2 - 5) + (-118)/(-1*2). Calculate the highest common factor of 28 and r.
28
Let n be 2/(-3) + 664/6. Suppose 3*h + 12 = -5*i, -i - 3*i + 8 = -2*h. Let m = h + 14. Calculate the greatest common factor of n and m.
10
Let q = 62 + -3. Suppose 0 = -n + f + q, 0*f - 2*f = -4*n + 244. Suppose 3*u - 5 = -4*d + n, 6 = u - 2*d. Calculate the greatest common divisor of 40 and u.
8
Let s(t) = -5*t**3 - 3*t**2 - 6*t - 5. Let o be s(-2). Let u = 8 - 2. Let j = 20 - u. What is the greatest common divisor of o and j?
7
Suppose -3*w - w + 3*x + 59 = 0, -5*w + 74 = -4*x. Suppose -i - 5*h + 149 = 0, 7*i - 620 = 3*i + 4*h. Calculate the greatest common divisor of i and w.
14
Let d = 39 + -27. What is the greatest common divisor of d and 30?
6
Suppose 4*a = -3*p + 62, -p + 2*a = -1 - 3. Let x be (-2)/(-7) + 1998/p. Suppose -3*n + 49 = 10. What is the greatest common divisor of n and x?
13
Let l be 86/(-5) - (-1)/5. Let i = l + 29. Let x = 159 - 51. Calculate the highest common divisor of i and x.
12
Suppose 2*y - m - 7 - 19 = 0, y - 18 = -2*m. Let q = -21 - -79. Suppose -2*w + q = -82. Calculate the greatest common factor of w and y.
14
Let k be ((-4)/8)/((-3)/(-24)). Let h be k/(-18) - (-214)/9. What is the highest common divisor of h and 6?
6
Suppose -3*n - 3*q + 27 = 0, -3 = -2*n + q - 0*q. Let r = 56 + -17. Suppose -n*w + r = -21. Calculate the highest common divisor of 5 and w.
5
Suppose 4*p = -2*f + 8, 2*f + 4 = 8. Suppose 0 = k - 5*a + 16, k + p = 3*a - 7. What is the highest common factor of k and 12?
4
Suppose -a + 25 = -71. Suppose -2*m + 5*m - l = 102, 3*m = 3*l + a. Calculate the highest common factor of 7 and m.
7
Let u be ((-4)/6)/((-2)/(-6)). Let x(w) = -8*w + 1. Let v be x(u). Suppose 4*q = 298 + 246. What is the greatest common factor of q and v?
17
Suppose 0*q - 21 = 3*q. Let d(n) be the second derivative of -5*n**3/6 - 3*n**2/2 - 6*n. Let b be d(q). Calculate the greatest common divisor of b and 4.
4
Let t be (4/10)/(3/180). Calculate the highest common factor of t and 36.
12
Suppose 6 = -4*c + 3*c. Let a be (2/(-6))/(c/18). What is the greatest common divisor of 4 and a?
1
Let q(d) = 9*d - 7. Let l be q(2). Suppose j = 3*j + 4*t - 2, 4*t - 35 = -5*j. What is the greatest common factor of l and j?
11
Suppose 4*v = -20, 4*y - 39 = -0*y - v. Suppose -3*g - t = -129, t = -5*g - 4*t + 205. What is the greatest common factor of y and g?
11
Suppose 5*o - 2677 = 763. Suppose 5*t + p = o, -202 + 68 = -t + p. Suppose -5*n + 43 + t = 0. What is the highest common factor of n and 18?
18
Suppose -2*j - 2*i + 26 = 0, -5*j - i + 0*i + 85 = 0. Calculate the greatest common divisor of 36 and j.
18
Suppose h = 3*t + 2, -6*h = -t - 4*h - 4. Suppose -6 = 2*g - t*g - 2*a, -5*a = 0. Let z = g + 4. What is the greatest common divisor of 4 and z?
1
Suppose -4*a + 17 - 5 = 0. Let t be 4/3 - (-2)/a. Suppose 336 = t*d + d. Calculate the greatest common divisor of 16 and d.
16
Suppose 3*w + 0*w = -4*b + 196, -248 = -4*w - 2*b. Calculate the greatest common divisor of 12 and w.
12
Let c(w) = 8*w - 7. Let i be c(4). Suppose 63 = p + 5*a, 0 = -p - a + i + 18. Calculate the greatest common factor of 95 and p.
19
Let f = 1 - 1. Suppose f = -3*v + 24 + 12. Let i be 30/15 - 1/(2/(-212)). Calculate the highest common divisor of i and v.
12
Let y be (10/4)/(2/108). What is the greatest common divisor of 15 and y?
15
Let p = -65 - -82. Let l(g) = -137*g - 1. Let m be l(-1). What is the highest common factor of p and m?
17
Suppose -21 = 2*z - 5*k - 1, -4*z + k = 4. Suppose -2*w + z*w + 14 = 0. What is the highest common factor of 14 and w?
7
Suppose 5 + 7 = z. Suppose 2*i - 7 = -3. Suppose -2*o + 114 = 5*c, -c - 3*o = -17 + i. Calculate the highest common factor of c and z.
12
Let c = 2 + 9. Let f = 260 + -106. Let j = 275 - f. Calculate the greatest common factor of c and j.
11
Suppose -5*w - 4*a = -25 - 49, 5*a = w - 38. Suppose -4*k + 31 = -3*p, p + 4*k + 3 = -w. Let b = 68 + p. Calculate the greatest common factor of 11 and b.
11
Let m be 14/8 - 3/(-12). Suppose -m*b + 47 = -43. 